?
14
Suppose 3*a - 67 = 3*r - 7*r, -3*r = a - 14. Suppose 3*j = a - 23. Let o be j/(-5) + 651/15 - 2. What is the greatest common divisor of o and 82?
41
Suppose 2*j = 3*l + 282, 409 = 3*j - 0*l - l. Let o = -43 + 16. Let m be (o/2)/((-8)/16). What is the greatest common divisor of j and m?
27
Let l = -1987 + 1999. Suppose -n - 277 = -4*j, -j - n + 54 = -14. What is the greatest common factor of l and j?
3
Suppose 5*h - 4*s + 8 = -12, -h - 5*s = -25. Let c be 55 - (h - (-6 - -6)). Calculate the greatest common divisor of c and 5.
5
Let f = -39 + 30. Let j = 5 - f. Let g = 829 + -828. What is the greatest common divisor of j and g?
1
Suppose 5*w + 22 = 5*k - 18, -3*w - 14 = -2*k. Let c be 6069/85 + (16/k - 1). Calculate the highest common factor of c and 54.
18
Let v(f) = -f**3 - 40*f**2 + 77*f + 88. Let n be v(-42). Let q = -270 + n. Calculate the highest common factor of 192 and q.
16
Let r = 1033 - 1008. Let w = -24 - -17. Let y = w + 12. Calculate the highest common divisor of r and y.
5
Let f be (-4)/(-10) + (-176)/(-10). Suppose 54*t + 863 = 9287. Suppose -6*n = -19*n + t. Calculate the highest common factor of f and n.
6
Let z(t) = -4*t - 63. Let c be z(-15). Let d(y) = 29*y**2 - 6*y + 6. Let k be d(c). What is the highest common factor of k and 15?
15
Let z(a) = -251*a + 758. Let b be z(3). What is the greatest common factor of b and 9?
1
Let m(q) = 123*q - 164. Let u be m(10). What is the highest common divisor of u and 65?
13
Suppose 260*p + 2640 = 272*p. Calculate the highest common factor of p and 15.
5
Let x = 392 - 833. Let h = x + 648. Calculate the greatest common divisor of h and 161.
23
Suppose 0 = w - 4, -5*w - 14 = -2*i + 78. Let s be (-394 - (6 + 1)) + (1 - 0). Let f be 10/(-35) + s/(-28). What is the highest common factor of f and i?
14
Suppose 7*g - 1268 + 323 = 0. Suppose h - 58 = -3*y, -4*h - 4*y - g = -7*h. What is the greatest common divisor of 245 and h?
49
Suppose 0 = g, 2*s - 6*s - 352 = 3*g. Let i = 830 + -993. Let b = s - i. What is the greatest common divisor of b and 15?
15
Suppose 2136181 - 711841 = 246*s. What is the highest common factor of s and 60?
30
Let l be 2/(-8) + (-185)/(-4). Let b(k) = 2*k**3 + 14*k**2 + 12*k + 40. Let i be b(-6). Let o = l - i. Calculate the greatest common factor of 66 and o.
6
Suppose 2*w - 20 = 3*p - 6, -p + 5*w - 9 = 0. Let d be 4 - p*(-2)/8. Let t = d + 7. Calculate the greatest common factor of 5 and t.
5
Suppose 0 = 4*t - 3*h - 51 + 14, 0 = -4*t + 4*h + 32. Suppose -3*w + 20 = 5*x - 4*x, -4*x = 5*w - 94. Calculate the highest common divisor of x and t.
13
Let s(a) = -59*a**3 + 6*a**2 - 2*a + 72. Let f be s(0). Let v(r) = 6*r**3 - 7*r**2 - 7*r + 6. Let z be v(6). What is the highest common factor of z and f?
72
Let r be 35/(-1 - 0/(-1 - 2)). Let x be 1 + -132 + 7/(r/5). Let k = -77 - x. What is the highest common divisor of k and 5?
5
Let t(n) = -28*n + 1490. Let i be t(53). Calculate the highest common factor of i and 7662.
6
Let x be -13 + 21 - (1 - 593). Calculate the greatest common divisor of x and 24.
24
Suppose 1821 = -5*d - 3*f + 10033, -4*f = -3*d + 4933. What is the greatest common divisor of 106 and d?
53
Let g(u) = 2*u**3 - 48*u**2 - 26*u + 1238. Let l be g(39). What is the greatest common divisor of 202 and l?
202
Let m(w) = 52*w**2 - 64*w - 60. Let j be m(-1). Let z(x) = 16*x**2 - 3*x + 1. Let y be z(-3). What is the highest common factor of y and j?
14
Let p = 499 + -499. Suppose 29*j + p*j = 1044. What is the highest common divisor of j and 576?
36
Suppose -2*f + 24 = 2*f. Let v(a) = -a**2 + 8*a - 8. Let o be v(f). Let i be -6 + -4 - 102/(-3). Calculate the greatest common factor of o and i.
4
Suppose 33*s = -180*s + 2556. Calculate the greatest common factor of s and 44652.
12
Let f(c) = c**2 - 6*c. Let i be f(6). Let q(u) = u**3 - 12*u**2 + 21*u + 7. Let b be q(2). Let h = b + i. Calculate the highest common factor of h and 18.
9
Let c(n) = -94*n - 9484. Let l be c(-177). What is the greatest common factor of l and 146?
146
Let d(u) = -17*u**2 + 106*u. Let t be (-4)/6*(-10 + 7 - 6). Let r be d(t). Let v(m) = 4*m - 4. Let x be v(5). Calculate the greatest common divisor of r and x.
8
Let g = 7 + 19. Suppose 4*s = 4*k + 8, -s - 4*k - 29 = -6. Let l be 0 + 40 + s/3. Calculate the greatest common factor of l and g.
13
Suppose -24*u + 13*u + 3740 = 0. Let x = 636 - u. Calculate the greatest common divisor of x and 8.
8
Suppose 866*n - 861*n - y - 1407 = 0, -3*n = -y - 847. What is the highest common divisor of n and 3220?
140
Let m be (-29)/145 - (-9126)/5. Calculate the highest common factor of 219 and m.
73
Let y = -2282 + 2452. What is the greatest common divisor of 50 and y?
10
Let w(q) = -28*q**3 + 309*q**2 + 2*q - 45. Let n be w(11). What is the highest common factor of 4802 and n?
98
Suppose -5*n = -n. Suppose n = -8*c + 2 - 2. Suppose 4*i + 8 = 6*i + 5*w, 4*i - 3*w - 16 = c. What is the highest common factor of 8 and i?
4
Suppose 162*l - 147*l = 2520. What is the highest common factor of 88 and l?
8
Let q be ((-1)/((-4)/98))/(21/462). Let b be (q/14)/((-5)/2 - -3). Calculate the greatest common divisor of 99 and b.
11
Suppose 4*c + 1187 - 1191 = 0, 5*c = -4*a + 257. Calculate the highest common factor of a and 7.
7
Suppose 0 = 3*z - c - 1113, 5*c + 16 = 1. Suppose -11*f - z = -21*f. Calculate the greatest common divisor of 148 and f.
37
Suppose 0 = 5*b - 5*c - 715, 50*c - 54*c + 394 = 3*b. Let u(k) = 2*k**3 + k**2 - 8*k + 3. Let l be u(4). Calculate the greatest common divisor of l and b.
23
Let a = 101 - 99. Let o be (-9)/(-36)*8 + a*1. Suppose 3*z - 15 = -3*m, -m - 11 = -z - o*m. What is the greatest common factor of 22 and z?
2
Let d = 1687 - 762. Let c = 2696 + -2659. What is the highest common divisor of c and d?
37
Let m = 2 + 20. Suppose 0 = 5*t + a - 121, -a + 68 + 29 = 4*t. Suppose -t = -6*d + 42. What is the greatest common factor of d and m?
11
Let z = 828 - 813. Let i(l) = l**2 + 5*l - 6. Let a be i(-8). Calculate the greatest common factor of z and a.
3
Suppose 49*d = -3*m + 47*d + 38, 5*m = 2*d + 42. Calculate the greatest common factor of 2930 and m.
10
Let m(u) be the first derivative of 5*u**3/3 - u**2/2 - 4*u - 44. Let k be m(4). Calculate the greatest common factor of 108 and k.
36
Let x = 3658 + -3589. Calculate the greatest common factor of 2967 and x.
69
Let k(r) = 4*r**2 - 2*r + 1. Let y be k(5). Suppose -1791*s - 1745*s = -2936*s - 37800. Calculate the greatest common divisor of y and s.
7
Let b(c) = -3*c + 108. Let p be b(35). Suppose 0 = -3*k, 4*w - 128 = 3*w + p*k. Calculate the highest common divisor of w and 32.
32
Suppose -4*y = -3*q - 4489, q + 3949 + 1676 = 5*y. Suppose 11*v + y + 2130 = 0. Let s = -148 - v. Calculate the greatest common factor of 37 and s.
37
Suppose s + 70*f - 66*f = 1073, -3*s + f + 3193 = 0. What is the highest common factor of s and 345?
15
Suppose 6*x = 8*x - 174. Let d = x - 48. Let v(u) = -87*u + 3. Let i be v(-4). Calculate the highest common factor of i and d.
39
Suppose 25*q - 37 = -13*q + 571. Let b = -5 - -7. Let r be 1/b*(-120)/(-5). Calculate the greatest common divisor of r and q.
4
Let a be (-933)/4 - 310/(-248). Let r = a - -457. What is the highest common factor of 90 and r?
45
Let v(f) = 43*f + 727. Let p be v(-13). Calculate the greatest common divisor of p and 357.
21
Suppose -240 = -6*n - 2*n. Suppose 442 = 3*d - 4*f, -71*d + 69*d - 5*f + 310 = 0. Calculate the highest common factor of n and d.
30
Let s = 358 + -209. Suppose x - s - 196 = 0. Calculate the highest common divisor of x and 15.
15
Let p be 2/(-3)*(-6)/(-4)*-3. Let o(n) = 15*n - 4 + 57*n**2 - 14 + p*n - 58*n**2. Let t be o(15). Calculate the highest common factor of 27 and t.
27
Suppose 2*u = 8, 0*g + 400 = 3*g - 5*u. Suppose 0 = -0*s + 10*s - 260. Suppose 0 = 3*z - 58 - s. What is the highest common factor of z and g?
28
Suppose 3*c - 5*z + 11 = 48, -3*z - 51 = -3*c. What is the greatest common divisor of c and 1788?
12
Suppose -c + 1 = -14. Suppose 1569*y = 1562*y + 1897. Suppose 0 = -5*i + 5, i = 6*z - 8*z + y. Calculate the highest common divisor of z and c.
15
Let b(v) = 2*v**2 + 3*v - 14. Suppose 0 = -2*s - 39 + 47. Let a be b(s). Calculate the highest common factor of a and 30.
30
Suppose 0 = 4*h - 7*h - 36. Le